 remainder when (-1350)/20*(-8)/d is divided by i.
12
Suppose 5*g + 4*t = -136 - 949, 0 = -5*t + 25. Suppose -2*r - 115 = -7*r. What is the remainder when (g/(-13))/((-1)/(-4)) is divided by r?
22
Calculate the remainder when ((-78)/(-5))/(3/(150/4)) is divided by 18.
15
Let h(d) = d**3 + 6*d**2 + 2*d + 3. Let j = 12 + -18. Let b(v) = 3*v + 13. Let t be b(j). Calculate the remainder when 70 is divided by h(t).
16
Let u = 1563 - 673. Let l be u/(-60) - (-1)/(-6). Let w = -9 - l. Calculate the remainder when w is divided by 4.
2
Suppose -5*d + 0*d = -i + 3, 4*d = 2*i - 6. Let x(j) = j**3 - 9*j**2 - 31*j + 18. What is the remainder when x(12) is divided by ((i - 3) + -4)*-5?
18
Suppose -22*m + 5 = -17*m. Let v be m*5 + 0/(-3). Let x = v - -10. What is the remainder when x is divided by 6?
3
Suppose -7*v - 80 = 88. Let f = v + 37. Calculate the remainder when 37 is divided by f.
11
Let c be 18 - (-2)/4*2. Suppose 0 = 5*d - c - 106. Calculate the remainder when d is divided by (-150)/90*(-84)/20.
4
Let v be 2/28*4*14. Suppose -34 = -v*o + 3*o. Let n = o - 9. What is the remainder when 97 is divided by n?
22
Let g be -3 + (32 - (-6 - -3)). Suppose 4*t - 1 = -5*x + 52, t = -5*x + g. Calculate the remainder when 11 is divided by t.
4
Suppose -2*d + 96 = 4*g, -4*g + 66 + 146 = 4*d. What is the remainder when 100 is divided by d?
42
Suppose -u = -4*s + 199, -u + 144 = 13*s - 10*s. What is the remainder when s is divided by ((-1)/2)/(2/(-56))?
7
Let v = -21 - -35. Calculate the remainder when 232/6 - (-5)/15 is divided by v.
11
Let h = 15 + -13. Let s(d) = 4*d**2 - d + d**2 + d**2 + h*d. What is the remainder when 11 is divided by s(1)?
4
Let j be (3/(-2))/(15/(-80)). Suppose 0*n - j*n + 208 = 0. Calculate the remainder when 77 is divided by n.
25
Let g = 18 - 25. Let t be 6/4*(-3 + g). Calculate the remainder when 53 is divided by 201/15 + (-9)/t.
11
Suppose 6 = -3*w + 12. Let l = 5 + 18. Suppose -2*k + 3*q = -40, -k + w*k - 3*q - l = 0. Calculate the remainder when 49 is divided by k.
15
Let g(z) = 10*z - 3. Let h(o) = 7*o**2 + 6*o + 2. What is the remainder when h(3) is divided by g(2)?
15
Calculate the remainder when 22 is divided by -7*-2*(-1)/(-2).
1
What is the remainder when ((-22)/(770/21))/(1/(-100)) is divided by 39?
21
Let g = 14 - -6. Calculate the remainder when 32 is divided by g.
12
What is the remainder when 233 is divided by (-6 + (-144)/(-27))/(4/(-234))?
38
Suppose 56 = 3*y + 4*w, -3*w + 69 + 17 = 5*y. Calculate the remainder when 333 is divided by y.
13
Let a(u) = -u**2 - 7*u. Let c = 50 - 50. Suppose c = -o + 2*o - 14. What is the remainder when o is divided by a(-6)?
2
Calculate the remainder when 26 is divided by 8/(-16)*14 - -12.
1
Let c be ((-84)/(-70))/((-2)/(-5)). What is the remainder when (-4 - -3) + (33 - 9/c) is divided by 8?
5
Calculate the remainder when 222 is divided by 5764/99 + (60/(-27) - -2).
48
Let p = -356 - -388. What is the remainder when 41 is divided by p?
9
Suppose 0 = 2*k - 5*k + 129. What is the remainder when k is divided by 16?
11
Suppose 2*z = -0*z + 4. Calculate the remainder when 141 is divided by -1*z*45/(-5).
15
Suppose 3*f + 10 = -2*w, 5*w = 4*f - 1 + 22. Suppose -35 = -4*m - 147. Let z = w - m. What is the remainder when z is divided by 16?
13
Calculate the remainder when 2 + (0 - 7) + (136 - 0) is divided by 11.
10
Calculate the remainder when ((-12)/(-10))/(100/10750) is divided by 26.
25
Let o(f) = f**3 - 11*f**2 + 13*f + 1. Let m be o(9). Let y = m + 83. Calculate the remainder when y is divided by (-122)/(-6) + (-4)/(-6).
18
Let a(s) = s**2 + 5*s - 8. Let u be a(5). Let m = -23 + u. What is the remainder when m is divided by 4?
3
Suppose -14*h = -11*h - 114. Suppose n - 4*n + 4*v = -37, -3*n + 5*v + h = 0. What is the remainder when 42 is divided by n?
9
Let i(a) = -a**2 - 31*a - 207. What is the remainder when 61 is divided by i(-20)?
9
Let a = -221 + 242. Calculate the remainder when 60 is divided by a.
18
Suppose 35*m = 34*m + 3. What is the remainder when 102 is divided by m?
0
Suppose 3*d - 148 = -0*k - k, 4*k = -5*d + 613. What is the remainder when k is divided by 40?
37
Let l(r) = -23*r - 19. Calculate the remainder when l(-7) is divided by 286/6 + 2 + (-56)/84.
44
Let p(w) = 2*w**2 + 2*w - 6. What is the remainder when p(-5) is divided by (-13)/91 - (-50)/7?
6
What is the remainder when 341 is divided by ((-1032)/32)/(6/(-8))?
40
Suppose -46*a = -40*a - 132. Calculate the remainder when a is divided by 18/4 - 3/2.
1
Let c = 2170 - 2124. What is the remainder when 139 is divided by c?
1
Let c = 50 - 25. Let j = 58 + -68. Let g(d) = -d + 3. What is the remainder when c is divided by g(j)?
12
Let q = 5379 - 5327. Suppose 3*a - 4*r + 11 = 4*a, -4*r - 124 = -4*a. What is the remainder when q is divided by a?
25
Let t(i) = 3*i**2 + 8*i + 27. Let v(c) = -2*c**2 - 5*c - 18. Let g(s) = 5*t(s) + 7*v(s). What is the remainder when 6 is divided by g(-2)?
0
Suppose z = -16*z + 1394. Calculate the remainder when 149 is divided by z.
67
Suppose -3 + 3 = 14*p. Suppose 2*k - 5*w - 88 = p, -k + w + 14 = 6*w. Calculate the remainder when k is divided by 22.
12
Let s(z) = -z**3 - 6*z**2 + 4*z + 3. Let b = -42 + 35. What is the remainder when s(b) is divided by 13?
11
Calculate the remainder when 41 is divided by (-11)/88 + 3 + 315/24.
9
Let g(y) = 2*y**3. Let i be g(2). Let b = i + -17. Calculate the remainder when 39 is divided by ((-10)/3)/(b/3).
9
What is the remainder when 106 is divided by (-288)/(-15) - (-15)/(-75)?
11
Suppose 0*s = s - 3*r - 17, 0 = 2*s + r - 27. Let c = -11 + s. Suppose 8 = o - 3*b - 3, 11 = c*o + 2*b. Calculate the remainder when 9 is divided by o.
4
Let x = -764 - -809. Calculate the remainder when 313 is divided by x.
43
Let v(t) = t**2 + 8*t - 15. Let s(u) = u**2 + 9*u - 14. Let h(d) = -3*s(d) + 2*v(d). Calculate the remainder when 35 is divided by h(-11).
11
Let z = -614 + 645. Calculate the remainder when 69 is divided by z.
7
Suppose 65*k - 7701 = -31. Calculate the remainder when 470 is divided by k.
116
Let x = -71 - -150. Calculate the remainder when x is divided by ((-902)/33)/((-24)/36).
38
Let m = 5331 - 5277. What is the remainder when m is divided by (4/(-10))/((-2)/40)?
6
Suppose -48*w + 63*w = 510. Calculate the remainder when 303 is divided by w.
31
Suppose -413*d + 252 = -399*d. What is the remainder when 246 is divided by d?
12
Suppose 13*m = -4*m + 3536. What is the remainder when m is divided by 21?
19
Let t(y) = -4*y - 41. Let d be t(-11). Suppose 0 = 8*w + d*w - 77. Calculate the remainder when w is divided by 5.
2
Suppose 257 = 6*x - 61. Let k = -15 + x. Calculate the remainder when k is divided by 20.
18
Suppose -4*v + 6 = -2*v. Calculate the remainder when ((-462)/(-12))/11 + (-15)/(-10) is divided by v.
2
Let i = 1439 - 1398. Let z = 216 - 138. Calculate the remainder when z is divided by i.
37
Let h(p) = 3*p**2 - p - 1. Let l be h(-1). What is the remainder when -2*(-20)/(12/l) + -4 is divided by 4?
2
Let g = -773 - -879. Calculate the remainder when g is divided by 35.
1
Let t(f) = -f**3 + 27*f**2 + 325*f - 10. Let p(u) = -u**2 + 4. Let m be p(-4). Calculate the remainder when t(36) is divided by (3/(-4))/(1/m).
8
Suppose 5*i - 27 = 18. What is the remainder when (510/20)/(2/4) is divided by i?
6
What is the remainder when 42 is divided by 7 + (-21)/(9 - 16)?
2
Suppose -5*z + 202 = 2. Suppose -s - s + 236 = 0. Calculate the remainder when s is divided by z.
38
What is the remainder when 1720 is divided by (18/(-4))/((-75)/350)?
19
Let s = -77 - -78. Suppose -10 + 4 = -2*a, 4*l - 4*a + 8 = 0. Calculate the remainder when l is divided by s.
0
Suppose -2*o - 3*o = -230. Let j be -36*(5 - (-34)/(-6)). Suppose -2*h = -h - j. What is the remainder when o is divided by h?
22
Let p(r) = r**2 - 10*r + 7. Suppose -5*h + 50 + 0 = 0. Calculate the remainder when p(h) is divided by 49/7 - 2*1.
2
Let c(n) = -4*n - 6. Let l = -56 - -96. What is the remainder when (5*8/l)/(1/41) is divided by c(-7)?
19
Suppose -6*b + 5 = -b, 2*d + 34 = -4*b. Let g = 14 - d. What is the remainder when g is divided by 18?
15
Let j = 319 + -289. Calculate the remainder when 44 is divided by j.
14
Let c(s) = -s**3 - 8*s**2 - 2*s + 14. Let q be c(-7). What is the remainder when 1/(